 167 = -3*p, 0 = -o - k*p + 83. Calculate the greatest common factor of o and 54.
27
Suppose 2*w - 8 = 4*w, -5*d = 5*w - 760. Calculate the greatest common divisor of 12 and d.
12
Let o(g) = -5*g + 6. Let j be o(6). Let x = 40 + j. Calculate the highest common divisor of x and 24.
8
Suppose 4*q - 129 = 5*k, -k - q + 0*q - 33 = 0. Suppose -54 = -2*i - t + 27, -104 = -3*i - 5*t. Let x = k + i. What is the greatest common divisor of x and 154?
14
Let x be 2/(-4) + (-30)/4. Let f be 1/2 + (-260)/x. What is the highest common divisor of f and 3?
3
Suppose -5*z - 5 = 0, 2*g = -g - 5*z + 13. What is the greatest common divisor of g and 42?
6
Let c be -4 - (-735)/25 - 2/5. What is the highest common divisor of 50 and c?
25
Let d(h) = h**2 + h - 2. Let m be d(3). Suppose 0 = -4*n + m + 10. What is the greatest common factor of n and 5?
5
Let m be (-1144)/(-55)*1*5. Let a = -16 + m. Suppose -3*j - 22 = -4*j. Calculate the greatest common factor of j and a.
22
Let j = 3 - 2. Let q(u) = -u**2 + 16*u - 37. Let w be q(13). Calculate the greatest common factor of w and j.
1
Suppose j - 17 = 2*d - 6, 4*j = d + 16. Suppose 3*a - 3 = 12. Suppose 96 = a*g - 69. Calculate the greatest common factor of g and j.
3
Let g = -1 + 17. Calculate the greatest common factor of g and 2.
2
Let i be 30/(1/(-1 + 2)). Suppose 8*d - 3*d = 45. Let z = 21 - d. What is the greatest common factor of i and z?
6
Suppose -3*y = 3*v - 5*v + 39, 3*v - 63 = 3*y. Calculate the highest common divisor of v and 36.
12
Let u be (-1)/4 + (-15)/4. Let w be 1/(2/u)*-12. Let m be (-48)/(-20)*(-5)/(-2). Calculate the highest common factor of m and w.
6
Let p be (-12)/9*(-2 + -1). Suppose 0 = p*d - 7*d + 81. Suppose 24 = 2*j - 84. Calculate the highest common divisor of d and j.
27
Let b(g) = g**3 + 3*g**2 + 4. Let k be b(-3). Suppose 65 = k*r - 3*r. Calculate the greatest common divisor of r and 13.
13
Let c = 47 + -27. Suppose -3*x = -7*x + 20. What is the greatest common divisor of c and x?
5
Let f be 60/(-9)*(0 + -6). Suppose 2*c = r - 10, 0 = -4*r + 2*c + 47 - 7. What is the greatest common factor of r and f?
10
Let i(v) = -v**3 - 13*v**2 + 14*v + 3. Let d be i(-14). Calculate the greatest common factor of 1 and d.
1
Let i(x) be the third derivative of x**4/24 + 2*x**3/3 + 2*x**2. Let f be i(-3). Let u be ((-594)/(-30))/(f/5). What is the highest common factor of u and 9?
9
Let l(m) = m**2 + 6*m - 5. Let n be l(-7). What is the greatest common factor of 14 and n?
2
Let u = -7 - -10. Suppose -29 = 3*l + 4*c + 35, 2*l + 4*c = -44. Let f = 29 + l. What is the highest common factor of f and u?
3
Suppose 0 = 5*u - 15, -3*f + 13 = -u + 1. Suppose -65 = -f*w + y + 3*y, 0 = -2*y. Calculate the greatest common divisor of 26 and w.
13
Suppose -3*o + 39 = -2*a, -14 = 2*a - 0*a + 2*o. Let m be (a/(-16))/((-1)/(-4)). Calculate the highest common factor of m and 15.
3
Let g = -165 + 258. Calculate the greatest common factor of g and 31.
31
Let p(x) = 0*x**3 - 2*x**2 + x - 3*x**3 + 4*x**3. Let b be p(1). Suppose y = -b*y + 13. What is the highest common divisor of y and 78?
13
Suppose 0 = -5*c + 5, -4*w - 4*c + 52 = -w. What is the highest common factor of w and 32?
16
Suppose 5 = -5*f + 15, 2*x = -f + 6. What is the highest common factor of x and 1?
1
Let u(s) = s - 8. Let z be u(22). Calculate the highest common divisor of 14 and z.
14
Let s be 4/(-12) + 262/(-6). Let j = -26 - s. Suppose -765 = -5*u + 225. What is the greatest common divisor of j and u?
18
Suppose -7 = -d - 4*q, -3*q + q + 21 = 3*d. Calculate the highest common factor of d and 1.
1
Suppose 0 = -3*m - 0*m - 405. Let j be ((-64)/20)/(3/m). What is the highest common divisor of j and 18?
18
Let l = 647 + -430. Let o be (1 + -2)/((-2)/62). What is the greatest common factor of l and o?
31
Suppose 4*l + 24 = 424. Let d(v) = 3*v**2 + 3*v + 4. Let o be d(-4). What is the highest common divisor of o and l?
20
Suppose 6*o - 6 = 3*o. Calculate the highest common factor of 22 and o.
2
Suppose -2*t + p + 11 + 1 = 0, 2*t - 5*p - 28 = 0. Suppose 1 - 21 = -t*i. Suppose 2*k - i*k = -27. Calculate the greatest common divisor of k and 81.
9
Let f = -64 + 91. Let i(x) = x**2 + x - 3. Let n = 11 + -8. Let v be i(n). Calculate the greatest common divisor of v and f.
9
Let m be (0 + 1)/((-1)/(-2)). Let j be ((-18)/4)/(2*(-6)/16). What is the highest common divisor of j and m?
2
Let g be 2/(-3) - (-64)/6. Suppose -2*l = -7*l - g. Let p = 24 + l. Calculate the greatest common factor of 66 and p.
22
Let t = -1 + 6. Let w(q) = q + 7. Let p be w(0). Let c = t + p. Calculate the highest common divisor of c and 4.
4
Suppose 5*n = a + 17, -5*a + 1 = 2*n - 22. Suppose -3*m + 109 = 5*k, -5*m - 3*k + 115 = -8*k. Calculate the greatest common factor of n and m.
4
Let b = 43 - 26. What is the greatest common divisor of b and 136?
17
Suppose 0 = 3*b - 3*f - 147, 0 = b + 3*f - 0*f - 29. Suppose 3*a - 6*a = 180. Let m be 12/10*a/(-18). Calculate the highest common factor of b and m.
4
Let p(f) = -f**3 + 4*f**2 - f - 4. Let c be p(3). Suppose 0 = -c*z + 4*z. Let s be z - 0 - -3*5. Calculate the highest common divisor of s and 5.
5
Suppose -h - 3 = -0*h, h = -3*q + 789. What is the greatest common factor of 33 and q?
33
Let x(n) = n**2 + n - 2. Let c be x(-2). Suppose c = 3*a + 3 - 9. Suppose -3*y - a*y = -80. Calculate the highest common factor of y and 112.
16
Let r = -37 - -19. Let l be (-4 - r)/((-1)/(-10)). What is the highest common divisor of 20 and l?
20
Let c(w) = -w**3 - 6*w**2 - w - 3. Let b be c(-6). Suppose 0 = b*h - 7*h, -2 = -2*z - 4*h. What is the highest common divisor of z and 2?
1
Suppose -3*j + 22 = -4*q, -2*q = 3*j - 4*j + 8. What is the greatest common factor of j and 15?
3
Let c be (116/(-16))/(2/(-8)). Calculate the highest common factor of c and 29.
29
Suppose -4*u + 60 = 2*u. Calculate the greatest common factor of u and 50.
10
Let b = 31 - 43. Let m = -2 + -20. Let k = b - m. What is the greatest common divisor of 40 and k?
10
Suppose 3*h - 44 = 4*t, 4*h + 3*t = -2*t + 69. Let g = -6 + h. Calculate the highest common divisor of 20 and g.
10
Let x(o) = -10*o - 42. Let z be x(-6). What is the highest common factor of 24 and z?
6
Let b(h) = h**3 + 6*h**2 - 8*h - 3. Let d be b(-7). Suppose d*o - 194 + 14 = 0. Calculate the greatest common factor of 30 and o.
15
Let a(t) be the third derivative of 53*t**6/120 + t**5/60 + t**4/24 - t**3/6 + 2*t**2. Let v be a(1). What is the greatest common divisor of 18 and v?
18
Suppose -2*k + 5 + 5 = 0. Let j be 4 - 6 - (-6 + 2). Let u be 1*j + (7 - 4). What is the highest common divisor of k and u?
5
Let g(f) = f**2 + 13*f + 14. Let n be g(-12). Let p(r) = -3*r - 6. Let i be p(-4). Calculate the highest common divisor of n and i.
2
Let o = 7 + -3. What is the highest common divisor of o and 20?
4
Suppose -q - q + 72 = 2*l, 4*l + 207 = 5*q. Calculate the highest common divisor of 52 and q.
13
Let y be (2 - 4)*(-813)/(-6). Let k = y + 439. Suppose 3*p - k = -6. What is the greatest common factor of p and 18?
18
Let n(v) = -2*v + 1. Let m be n(-8). Let t = 7 + m. Calculate the highest common factor of t and 16.
8
Let o(x) = -x + 6. Let w be o(6). Suppose w = -3*u + u + 30. Suppose 16 = y + 1. What is the greatest common divisor of u and y?
15
Let b(k) = 3*k + 13. Let c be b(-11). Let v be 90/c*28/(-6). What is the greatest common divisor of v and 84?
21
Let t be 3 - -65 - 4/(-2). Suppose 4*d + t = -50. Let p = 45 + d. Calculate the greatest common factor of 75 and p.
15
Suppose -226 = -4*j + 274. Suppose 2*l - 73 = -3*o, -j = -6*o + o - 4*l. Suppose a = -0*a + o. What is the highest common factor of 14 and a?
7
Let o be 9 - -1 - (4 + -1). Calculate the highest common factor of o and 56.
7
Suppose 2*d = -4*t + 54, -5*d - 2*t + 15 + 96 = 0. Let h be 4*(-4)/(-8) - -19. What is the highest common factor of h and d?
21
Suppose -16 = -0*f - f. Calculate the greatest common divisor of f and 24.
8
Suppose 0 = -3*k + 3*d + 99, k + d - 53 = -2*d. Calculate the greatest common factor of 304 and k.
38
Suppose -4 = -0*s - s. Suppose -s*i + p = -4*p - 7, 0 = 4*i + 4*p - 52. Let o be -1 + 65/(2 + -1). Calculate the highest common divisor of o and i.
8
Let z = 181 - 91. Let l be (-60)/(-21)*(-21)/(-6). Calculate the highest common di